{"id":626,"date":"2016-07-28T14:22:09","date_gmt":"2016-07-28T12:22:09","guid":{"rendered":"http:\/\/www.gservices.ch\/?page_id=626"},"modified":"2019-06-25T16:05:03","modified_gmt":"2019-06-25T14:05:03","slug":"maitre_ouvrage","status":"publish","type":"page","link":"https:\/\/gproimmo.ch\/index.php\/maitre_ouvrage\/","title":{"rendered":"Maitre d&rsquo;ouvrage"},"content":{"rendered":"<p>G-pro-immo a les comp\u00e9tences requises pour vous aider, assister, conseiller pour tous les travaux de constructions ou de r\u00e9novations et pour veiller \u00e0 vos int\u00e9r\u00eats afin de trouver les solutions appropri\u00e9es gr\u00e2ce \u00e0 l\u2019exp\u00e9rience d\u2019une \u00e9quipe dynamique.<\/p>\n<p>Nous pouvons vous repr\u00e9senter aupr\u00e8s des autorit\u00e9s, des services communaux, des architectes, des entreprises depuis la naissance du projet, \u00e0 la r\u00e9alisation au bouclement final.<\/p>\n<p>Un cahier des charges clair et pr\u00e9cis sera pr\u00e9par\u00e9 pour d\u00e9finir les prestations qui pourraient \u00eatre:<\/p>\n<ul>\n<li>Analyse du projet<\/li>\n<li>Contr\u00f4le des plans d\u2019intervention, d\u2019enqu\u00eate, de r\u00e9alisation et d\u2019ex\u00e9cution ainsi que du plan financier<\/li>\n<li>V\u00e9rification des mat\u00e9riaux propos\u00e9s<\/li>\n<li>Contr\u00f4le des soumissions et des entreprises s\u00e9lectionn\u00e9es<\/li>\n<li>Informations et conseils durant toutes les \u00e9tapes le ma\u00eetre d\u2019ouvrage<\/li>\n<li>Respect du planning<\/li>\n<li>Contr\u00f4le des demandes d\u2019acomptes et des factures qui seront vis\u00e9es<\/li>\n<li>Suivi quotidien avec les mandataires et\/ou les entreprises<\/li>\n<li>Planification de s\u00e9ances r\u00e9guli\u00e8res avec \u00e9laboration d\u2019un PV<\/li>\n<\/ul>\n<p>La construction est un domaine complexe et en vous entourant d\u2019une \u00e9quipe de professionnels, de pr\u00e9cieux conseils pourront voue \u00eatre donn\u00e9es.<\/p>\n<p>G-pro-immo effectue tous ses mandats dans un esprit de respect des choix et des d\u00e9cisions du Ma\u00eetre de l\u2019ouvrage<\/p>\n","protected":false},"excerpt":{"rendered":"<p>G-pro-immo a les comp\u00e9tences requises pour vous aider, assister, conseiller pour tous les travaux de constructions ou de r\u00e9novations et pour veiller \u00e0 vos int\u00e9r\u00eats afin de trouver les solutions appropri\u00e9es gr\u00e2ce \u00e0 l\u2019exp\u00e9rience d\u2019une \u00e9quipe dynamique. Nous pouvons vous repr\u00e9senter aupr\u00e8s des autorit\u00e9s, des services communaux, des architectes, des entreprises depuis la naissance du [&hellip;]<\/p>\n","protected":false},"author":1,"featured_media":0,"parent":0,"menu_order":0,"comment_status":"closed","ping_status":"closed","template":"","meta":[],"_links":{"self":[{"href":"https:\/\/gproimmo.ch\/index.php\/wp-json\/wp\/v2\/pages\/626"}],"collection":[{"href":"https:\/\/gproimmo.ch\/index.php\/wp-json\/wp\/v2\/pages"}],"about":[{"href":"https:\/\/gproimmo.ch\/index.php\/wp-json\/wp\/v2\/types\/page"}],"author":[{"embeddable":true,"href":"https:\/\/gproimmo.ch\/index.php\/wp-json\/wp\/v2\/users\/1"}],"replies":[{"embeddable":true,"href":"https:\/\/gproimmo.ch\/index.php\/wp-json\/wp\/v2\/comments?post=626"}],"version-history":[{"count":6,"href":"https:\/\/gproimmo.ch\/index.php\/wp-json\/wp\/v2\/pages\/626\/revisions"}],"predecessor-version":[{"id":709,"href":"https:\/\/gproimmo.ch\/index.php\/wp-json\/wp\/v2\/pages\/626\/revisions\/709"}],"wp:attachment":[{"href":"https:\/\/gproimmo.ch\/index.php\/wp-json\/wp\/v2\/media?parent=626"}],"curies":[{"name":"wp","href":"https:\/\/api.w.org\/{rel}","templated":true}]}}